x) = 0*x**2 - 5*x + 14 - 2*x - x**3 + 6*x - x**2. Give l(0).
14
Suppose -5*l = -3*l + 5*l. Let v(h) be the third derivative of 1/6*h**4 + 1/6*h**3 + l*h + 0 + 3*h**2. What is v(1)?
5
Let n(a) = a + 4. Let q(v) = -v - 5. Let i(u) = -3*n(u) - 4*q(u). Let l(y) = -y**2 - 3*y + 3. Let b be l(-3). Let f be 16/(-6)*b/2. Calculate i(f).
4
Let o(g) = -g - 5. Let z(h) = 1. Let c(v) = o(v) + 4*z(v). What is c(-7)?
6
Suppose 19 - 57 = -r. Suppose 0 = -3*i + 7*i - 2*b - r, -5*b + 3 = 4*i. Let z(t) = 2 + 2 - i + t. Give z(3).
0
Let k(s) be the third derivative of s**5/60 - s**4/4 + s**3/2 - 7*s**2. Let u(i) = i + 11. Let n be u(-6). Determine k(n).
-2
Suppose d - 6 + 19 = 5*q, 5*q + 3*d = 21. Let l(r) = r**2 - 3*r - 3. Calculate l(q).
-3
Let w(m) = m**3 + 2*m**2 - 2*m + 4. Let t be -2 + 26 - (1 - -1). Suppose 2*h - 19 = -0*h - 5*z, -2*z + t = -4*h. Give w(h).
1
Let h(c) = 4*c + 1. Let r(g) be the third derivative of -g**5/60 + g**3/6 + 3*g**2. Let f be r(2). Let v(k) = -k**2 - 4*k - 4. Let i be v(f). Determine h(i).
-3
Let r(k) = -2*k**2 - 6*k - 4. Let w be r(-4). Let q be (-5 + 0)*w/20. Let t(y) = -2*y. Give t(q).
-6
Suppose 3*y - 15 = 2*i, 4*y + 2*i = -y + 25. Suppose -2*d + y*a = 19, 2*a - 10 = -0*a. Let g(t) = 2*t - 5*t + t. Give g(d).
-6
Let d(z) = -z**2 + 1. Let b(g) = 4*g**2 - 7*g - 11. Let r(o) = b(o) + 5*d(o). Calculate r(-5).
4
Suppose 5 = -2*w + 11. Suppose -2*n - w*n = 0. Suppose n = -6*r + r + 15. Let b(s) = 2*s - 4. What is b(r)?
2
Let o(b) = b**2 + 6*b + 5. Let z be 1*-7 + 2 + -1. Let k be o(z). Let v(p) = 0 - 7 + 1 + p + 2. Determine v(k).
1
Let s(l) = -62 - l + 57 + 2*l. Give s(4).
-1
Suppose -5*p = 7*b - 2*b - 35, 5*b + 3*p - 29 = 0. Let k(q) = -q + 5. Give k(b).
1
Let o(b) = -2*b**2 + 1 - 2 + 0. Let i(s) = -s + 1. Let l be i(-2). Suppose 2*q = 5*q - l. Determine o(q).
-3
Let n(z) = 6*z - 29. Let i be n(5). Let y(b) = -3*b**2 + b. What is y(i)?
-2
Let w(o) = 1 - 2*o**2 - 1 - 1 + 4*o - 1. What is w(2)?
-2
Let y(l) = -l**2 + 7*l - 8. Let x(u) = 5*u**2 + 8*u - 9. Let j(a) = -6*a**2 - 8*a + 9. Let r(g) = -6*j(g) - 7*x(g). Let f(s) = -4*r(s) - 5*y(s). Give f(3).
4
Let v(b) = 20*b**2 + 9*b - 3. Let o(q) = 7*q**2 + 3*q - 1. Let k(a) = 17*o(a) - 6*v(a). What is k(-3)?
1
Let m(w) be the third derivative of w**6/120 + w**5/12 + w**4/12 - w**3/2 + 11*w**2 + 3*w. Calculate m(-4).
5
Let j(p) = -p. Let y be 3 + -1 - (2 - -1). Let o(k) = 2. Let h(d) = y*o(d) - 2*j(d). Calculate h(4).
6
Suppose 0 = -5*u + 5*k + 35, -2*u + 5*u + 2*k = 6. Let s(f) be the first derivative of -f**4/4 + 4*f**3/3 + 3*f**2/2 - 5*f - 6. Calculate s(u).
7
Let d(h) be the third derivative of h**7/2520 - h**6/120 + h**5/24 - 5*h**4/24 - 6*h**2. Let t(v) be the second derivative of d(v). Give t(5).
0
Let d(u) be the third derivative of -u**5/60 - u**4/4 + 2*u**3/3 - 18*u**2. What is d(-6)?
4
Let k(o) = 2*o. Let h be k(1). Let q(j) = -j**3 + 3*j**2 - 2*j + 1. What is q(h)?
1
Let v(j) be the second derivative of -j**5/20 - j**4/3 - j**3/3 + 3*j**2/2 + 2*j. Determine v(-3).
0
Let f(u) = u**3 + 7*u**2 + 2*u + 7. Let j be ((-6)/4)/((-6)/8). Suppose 0 = 3*z - j*z + 7. Calculate f(z).
-7
Let h(c) = 3*c - 1. Let p = -5 - -6. Let s be 1 - ((-2)/p - -1). Calculate h(s).
5
Let l be (1 + -2)/(1*-1). Let u(f) = -18*f**3 - 4*f**2 + 2*f - 5. Let c(g) = 9*g**3 + 2*g**2 - g + 3. Let m(s) = -5*c(s) - 3*u(s). Calculate m(l).
10
Let a(f) be the second derivative of f**7/840 - f**6/240 - f**4/6 - 3*f. Let x(k) be the third derivative of a(k). Calculate x(2).
6
Suppose -6*b = -4*b - 40. Suppose 2*d = -3*d + b. Let j(u) = -u**2 + 3*u - 1. What is j(d)?
-5
Let f be 1/(2/(-6)) - -6. Suppose 22 = 3*k + 3*l - l, -5*l - 5 = 0. Let j(a) = -f + 2 + k - a. Determine j(5).
2
Suppose -i - 18 = 5*h, 3*h - 5*h + 5*i - 18 = 0. Let g = -5 - h. Let f(b) be the third derivative of b**6/60 - b**3/6 + 2*b**2. Determine f(g).
-3
Let m(z) = 7*z**3 - z**2. Suppose 0 = 3*o - 9*f + 4*f - 195, 0 = -3*o + 2*f + 186. Let c be 2/8 - (-45)/o. Give m(c).
6
Let m(f) be the third derivative of f**6/90 + f**5/120 + f**3/6 + f**2. Let z(u) be the first derivative of m(u). Give z(-1).
3
Let a(t) = -t + 2. Let v(x) be the first derivative of 3*x**2 - 11*x - 2. Let h(k) = -22*a(k) - 4*v(k). What is h(5)?
-10
Suppose -u - u + 6 = 0. Let o(y) be the first derivative of -y**4/4 + y**3 + y**2/2 + 4*y - 15. Calculate o(u).
7
Let t(w) = w**2 + 1. Let o(n) = 3*n**2 + 3*n + 3. Let z(q) = o(q) - 2*t(q). What is z(-2)?
-1
Let o(h) = h**2 + 7*h - 7. Suppose x - 6 = 3*x - 2*s, -4*x - 2*s - 42 = 0. Give o(x).
1
Let y(f) = -f**3 - 7*f + 4 - 44*f**2 + 2*f**3 + 51*f**2. What is y(-8)?
-4
Let p(m) = m**3 - m**2 + 6*m - 2. Let r(k) = 3*k**3 - 4*k**2 + 18*k - 6. Suppose 5*z + 43 = 3*b - 6*b, 4 = b. Let n(x) = z*p(x) + 4*r(x). Give n(4).
6
Let b(o) = -o**2 + 8*o + 11. Let r be b(9). Let a = 1 + r. Suppose -z = -a*z - 4. Let w(x) = x. Give w(z).
-2
Let s(b) be the first derivative of b**3/3 - b**2/2 - 6*b + 5. Calculate s(0).
-6
Let m(k) = 2 + 3*k - 1 - k**2 + 7. Let j(t) = t**2 - 3*t - 9. Let g(h) = 3*j(h) + 4*m(h). Give g(4).
1
Let g(l) be the first derivative of -4*l**2 - l - 19. Determine g(-1).
7
Let x(r) = 5*r + 10. Let j(v) = -4*v - 9. Let p(s) = -4*j(s) - 3*x(s). Give p(-7).
-1
Let w(t) be the second derivative of 1/6*t**3 - 1/20*t**5 - 2*t + 0 - 1/2*t**2 + 0*t**4. What is w(0)?
-1
Let b(f) = f**3 + 3*f**2 + 3*f. Let p be b(-2). Let h(a) = -3*a - 3. Determine h(p).
3
Let s be (-152)/48 - (-1)/6. Let d(u) be the second derivative of u**4/12 + u**3/6 - u. Let r(q) = q**3 - q - 1. Let c(b) = -4*d(b) - r(b). Determine c(s).
1
Let s = -30 - -23. Let b(d) = d**3 + 7*d**2 + 2. Determine b(s).
2
Let c(z) be the second derivative of -z**4/12 + 2*z**3/3 + z**2 - 55*z. Calculate c(4).
2
Suppose 2*y - 2*h = -2, 2*y + y = 4*h - 4. Let c = y + 0. Let j(k) be the second derivative of -k**4/12 - 5*k**2 - k. Determine j(c).
-10
Let n(m) be the third derivative of m**6/120 + m**5/15 - m**3/2 - 12*m**2. Determine n(-3).
6
Let d(f) = -2*f - 10. Let q be d(-8). Let c be 2/q + (-4)/(-6). Let t(m) = 7*m**2. What is t(c)?
7
Let x be 5/(-2)*12/(-15). Let q = 5 - x. Suppose 5*j + 0 = 4*c + 3, 2*j - 4 = q*c. Let o(d) = 9*d. What is o(j)?
-9
Let j(g) = -g**2 - 8*g + 2. Let x be j(-8). Let s(t) = -4 - x*t + 3 + 2*t + t**2. Give s(-2).
3
Let d(g) = g - 1. Let y(n) = -5. Let p(c) = -2*d(c) + y(c). Give p(-4).
5
Suppose l = -6 - 1. Let s(x) = x**2 + x + 1. Let k be s(-2). Let c = k + l. Let g(t) = -t + 1. Give g(c).
5
Let p = 3 + 1. Suppose p*g = -0*g - 4. Let t(o) = 5*o - 1. Determine t(g).
-6
Let f = -17 - -14. Let s(p) = -p - 3. Determine s(f).
0
Let m = -10 - -11. Let l(w) = 2 + 6 - 3 - m - w**2 - 3*w. What is l(3)?
-14
Let w(l) = 7*l**2 + l. Let a = -19 + 19. Suppose o - 3 - 2 = 0. Suppose a = 8*q - o*q - 3. What is w(q)?
8
Let v = 14 - 10. Suppose r - p = v*r + 11, 2*r = 5*p - 13. Let y(u) = u**3 - 5*u + 0*u + 3*u**2 + 2*u. What is y(r)?
-4
Let k = 24 + -22. Let d(b) = -b**2 + 10 + 5*b + 0*b**k - 2 + 0. Determine d(6).
2
Let a(f) = f**3 + 7*f**2 + 3. Let v be a(-7). Let q(z) be the second derivative of 0*z**3 + z + 0*z**2 + 0 + 1/20*z**5 - 1/4*z**4. Give q(v).
0
Let a(k) = 0*k**2 + 7*k - 2*k**3 - k - 1 - 5*k - 2*k**2. What is a(-2)?
5
Let i(d) = d**2. Let b be -1 + (-8)/(2*-1). Suppose -l + b*l - 8 = 0. Let z be l*(-2 - (-11)/4). Determine i(z).
9
Suppose -6*d = -d - 10. Suppose 0*m - 6 = -d*m. Let p(z) be the second derivative of z**5/20 - z**4/4 - z**3/2 + 3*z**2/2 + 6*z. Give p(m).
-6
Let u(k) = -k**3 - 3*k**2 + 2. Let v(t) = 15*t - 1. Let s be v(1). Let b be (1/(-2))/((-1)/10). Suppose -s = 4*o - 2*w, -b*o - 3*w + 1 = 13. Give u(o).
2
Let d(g) = 2*g**3 + 2*g**2 + 3*g - 5. Let k(w) = -5*w**3 - 5*w**2 - 7*w + 11. Let t(a) = -7*d(a) - 3*k(a). Determine t(0).
2
Let n(h) = h - 4. Let s(r) = -r + 9. Let p be s(5). What is n(p)?
0
Let j(f) = -f**2 + 4*f + 5. Let l be j(4). Suppose -l*k + 5 = -0. Let t(v) = -v**2 - 16*v**2 - v + 18*v**2. What is t(k)?
0
Let y(v) = 4*v + 13. Let q(t) = -5*t - 15. Let z(r) = -3*q(r) - 4*y(r). Let x be 24/14 + (-2)/(-7). Suppose -25 = x*s + 3*s. What is z(s)?
-2
Suppose 5*k + 9 = 4. Let w = -7 - k. Let t(j) = -j**2 - 7*j - 1. Calculate t(w).
5
Let z(a) = -a**2 - 11*a - 6. Let u be z(-10). Let k(y) be the third derivative of 0 + y**2 - 1/60*y**5 + y